13
Let f(o) = o**2 + 3*o - 2. Suppose -7*k - 428 + 484 = 0. Suppose 5*d - k*d + 90 = 0. What is the remainder when d is divided by f(-6)?
14
Suppose -7*g = -104 - 29. Suppose -3*p - 211 = -7*p - 5*c, 3*p - 162 = -3*c. Calculate the remainder when p is divided by g.
2
Let l(a) = -51*a - 13. Let f = 133 - 85. Calculate the remainder when l(-4) is divided by f.
47
Calculate the remainder when -9 + (21 + 9)/(-5) + 995 is divided by 260.
200
Let b = 24416 - 24235. Calculate the remainder when 6514 is divided by b.
179
Suppose v - 27 = -3*o, 24*v + 4*o - 64 = 22*v. Suppose -6*g + 9*g - v = 0. What is the remainder when 27 is divided by g?
13
Let f = 13202 + -12961. Calculate the remainder when 1199 is divided by f.
235
Let v(g) = -14*g**3 - g**2 + 2*g + 2. Let u = 21 + -21. Suppose -3*o + 47 + 136 = u. What is the remainder when o is divided by v(-1)?
9
Suppose 3*b = -n + 644, -415 - 852 = -2*n + b. Suppose 272 = -627*k + n*k. What is the remainder when 73 is divided by k?
5
Let s be (-57)/(-21) - (-14)/49. Let f(p) = 118*p - 23. What is the remainder when f(s) is divided by 9?
7
Calculate the remainder when (-46054)/(-30) + -9*(-2)/(-135) is divided by 6.
5
Suppose 0 = 6*c - 9 - 15. Suppose 5*m + 2*z + 0*z + 5 = 0, -c*z - 20 = 0. Let t = m - -20. What is the remainder when t is divided by 11?
10
Suppose -5*s + 28 = -4*g, -14*s + 12 = 2*g - 10*s. Let k(m) = -22*m**3 - m**2 + 4*m. Calculate the remainder when k(g) is divided by 45.
29
Suppose -90 = 5*u - 14*u. Let v(i) = -3*i + 5. Let p be v(3). Calculate the remainder when -4*(u + p)*(-16)/6 is divided by 13.
12
Let l(j) = 11*j**2 + 84*j + 7. Calculate the remainder when l(-8) is divided by 8.
7
Suppose -8*p = -p - 28. Suppose 5*z = t + 4, p*t - z + 14 = 5*t. Suppose 9*u = t*u - 36. What is the remainder when 33 is divided by u?
15
What is the remainder when 179 is divided by 75/375 - 478/(-10)?
35
Let y(s) = s**3 - 9*s**2 - 7. Let a(p) = p**2 - 18*p + 38. Let z be a(16). Let n be y(z). Let r = -38 - n. What is the remainder when r is divided by 13?
12
Let k(n) = -3*n**3 - 9*n**2 + 6*n - 4. Let a(h) = 3*h**3 + 8*h**2 - 6*h + 5. Let l(y) = 6*a(y) + 5*k(y). Calculate the remainder when 40 is divided by l(2).
6
Let p = -634 + 404. Suppose -4*x - 3*j + 0*j = -8, -x - j = -3. Calculate the remainder when 85 is divided by p/(-8) - x/4.
27
Suppose 9*r = 15*r - 120. Let l = r + -13. What is the remainder when 26 is divided by l?
5
Let r(j) = -2*j**3 - 166*j**2 - 173*j - 225. Calculate the remainder when r(-82) is divided by 30.
3
Suppose 32 = -152*m + 153*m - 4*u, 4*m + 4*u - 188 = 0. What is the remainder when 125 is divided by m?
37
Suppose -36*l + 706 = -26*l + 136. Let k = -1 + 5. What is the remainder when l is divided by (k/(-3))/(4/(-36))?
9
Suppose -88 = q - 150. Calculate the remainder when 177 is divided by q.
53
Let y = -809 - -1307. What is the remainder when y is divided by 5?
3
Suppose 466*a = 237*a + 217*a + 672. What is the remainder when a is divided by 18?
2
Let i be (-37)/(-1 + 8/6). Let h = -102303 - -102323. What is the remainder when i/(-2)*(-2)/(-3) is divided by h?
17
Let s be 1*59 - -6*15/90. Suppose -s*i + 1052 = -328. Calculate the remainder when i is divided by 3.
2
Let q(r) = -7*r**3 - 109*r**2 + 33*r + 147. Calculate the remainder when 820 is divided by q(-16).
46
Let s(h) = -2*h**2 + h - 2. Let i be s(-3). Let j = i - -33. Suppose -7*o - 78 = -j*o. Calculate the remainder when 75 is divided by o.
23
Let h(k) = 2*k**3 - 36*k**2 + 34*k + 15. Suppose 0 = o - 3*p - 23, 3*o = -4*p + 61 - 18. Calculate the remainder when 149 is divided by h(o).
14
Let m = 1277 - 979. What is the remainder when m is divided by 32?
10
Suppose -53 = -s + f, -f = 4 - 3. Suppose -13*r + 8*r + 125 = 5*m, -s = -2*m - 3*r. Let a(p) = -2*p + 2. Calculate the remainder when m is divided by a(-5).
11
Suppose -836463 = -85*g + 224945 + 71387. What is the remainder when g is divided by 35?
27
Suppose -f + 0 = -40. Let t(c) = 183*c - 666. Calculate the remainder when t(4) is divided by f.
26
Let h(r) = -16*r - 67. Let c(l) = -4*l + 82. Let o be c(20). Suppose 8 = w - 3*w + d, 0 = o*w - 5*d - 8. Calculate the remainder when 113 is divided by h(w).
26
Let j = 16 + -9. Let t = 4 + 15. Suppose -2*z + 3*b = -t, -2*b - 1 = z + 7. What is the remainder when j is divided by z?
1
Let s = 56 + -15. Suppose 0 = -5*m + 3*m - 696. Let q = -333 - m. Calculate the remainder when s is divided by q.
11
Suppose -2*l - 14 = -3*l. Suppose -190 = 9*c - l*c. Suppose 4*k + b - c - 50 = 0, 5*b - 26 = -2*k. Calculate the remainder when 67 is divided by k.
21
Let p(i) = -i**2 + 16*i - 6. Suppose -a = -3*y - 5*a - 22, 16 = -4*y - 2*a. Let d = 16 + y. Calculate the remainder when p(6) is divided by d.
12
Let t(b) = -b**3 + 4*b**2 + 2*b - 4. Let d be t(4). Suppose d = -c + 17. Calculate the remainder when 11550/(-616)*8/(-6) is divided by c.
12
Suppose 7*x - 228 = -46. Calculate the remainder when 459 is divided by x.
17
Let x(s) = -31*s - 3791. What is the remainder when 1045 is divided by x(-123)?
11
Suppose 9*n - 24930 = 60273. Calculate the remainder when n is divided by 41.
37
Suppose 36*j = 2205 - 261. Calculate the remainder when 1185 is divided by j.
51
Let c(f) = -189*f + 62. Let p be c(-8). Suppose 0 = -15*q + p - 119. What is the remainder when q is divided by 25?
22
What is the remainder when 1549 is divided by 15/(-18) - (-203)/(-6)*-1?
31
Let q = -2104 + 2419. What is the remainder when q is divided by 27?
18
Let c = 16007 - 15911. What is the remainder when 225 is divided by c?
33
Suppose 17*c - 6493 = -4589. What is the remainder when 892 is divided by c?
108
Suppose 0 = 12*s - 4*s - 2032. Let l = -212 + s. Calculate the remainder when 75 is divided by l.
33
Let j = 467 + -423. What is the remainder when 104 is divided by j?
16
Let n = -19 - -34. Suppose -n*p = -13*p - 4. Suppose l = t - 26, -13 = t - p*l - 44. What is the remainder when 57 is divided by t?
15
Suppose 0 = 3*z - 3*h - 378, 497*z = 494*z - 4*h + 350. Suppose s + 2*y = 16 - 3, 2*s = -y + 14. What is the remainder when z is divided by s?
2
Let n(y) = -9*y + 68. Let q be n(3). Suppose -h + 130 - q = 0. Calculate the remainder when h is divided by 5.
4
Suppose 0 = -2*z - 3*z - m + 110, -3*z + 66 = 5*m. Suppose 2*c + 0*c + 5*f - 545 = 0, 0 = -4*c + 3*f + 1155. What is the remainder when c is divided by z?
21
Let t(x) = 14*x**2 + 19*x - 2. Let u be t(16). Suppose -4826 = -44*p + u. What is the remainder when p is divided by 3?
0
Suppose -2*t + 3*z = -410, 4*t + 507*z - 511*z - 828 = 0. What is the remainder when 241 is divided by t?
30
Suppose 17734*c - 17725*c - 135 = 0. Calculate the remainder when 558 is divided by c.
3
Let g(t) = -1727*t - 903. Calculate the remainder when g(-1) is divided by 271.
11
Let o(l) = -l**3 + l**2 - l - 1. Let w(v) = -4*v**3 + 5*v**2 - 2*v + 11. Let k(y) = 3*o(y) - w(y). Calculate the remainder when 81 is divided by k(4).
11
Let c(s) = -s - 10 - 15*s - 4 - 7*s. What is the remainder when 603 is divided by c(-3)?
53
What is the remainder when (-7313366)/(-2261) + 8/(-14) is divided by 231?
0
Suppose 11712*v - 11696*v = 5248. What is the remainder when 673 is divided by v?
17
Suppose -2*s = -2*h - 36, 0 = 2*h - 4*s - 0*s + 42. What is the remainder when 148 is divided by 2232/45 + (-6)/h?
48
Let h(s) = -s**2 - 13*s + 10. Suppose -10*t = -33 - 287. Let o = -23 + t. Calculate the remainder when h(-12) is divided by o.
4
Suppose -5*j + 78 + 112 = 4*t, 0 = -2*t + j + 88. Calculate the remainder when 226 is divided by t.
1
Let w be (-85)/15 - 2 - (-4)/6. Let l(p) = 2*p**2 + 15*p + 7. Let x be l(w). Suppose x*d + 6*d = 168. What is the remainder when 52 is divided by d?
24
Suppose -2*j - 65 = -447. What is the remainder when j is divided by (-5 + 5 + (-12)/9)*-12?
15
Let d(x) = x**3 + 14*x**2 - 2*x + 1. Let t be (4/(-6))/((-15)/(-270)). Calculate the remainder when d(t) is divided by 15.
13
Suppose -4*r = -3*x + 944, 2*x + 860*r - 862*r = 632. What is the remainder when 366 is divided by x?
46
Let f be (3 - -1)/(100/125). Suppose -f*o - s = -212, -4*s = -2*s - 4. Calculate the remainder when o is divided by 22.
20
Let h(u) = 166*u**2 - 2319*u - 20. Calculate the remainder when 418 is divided by h(14).
18
Let w be 0/(-8*(-5)/20). Suppose w 